{"id":2,"date":"2022-01-26T21:50:09","date_gmt":"2022-01-26T21:50:09","guid":{"rendered":"http:\/\/www.mtnteknik.com\/?page_id=2"},"modified":"2024-05-20T14:52:03","modified_gmt":"2024-05-20T14:52:03","slug":"konveyor-bant-ankara","status":"publish","type":"page","link":"http:\/\/www.mtnteknik.com\/?page_id=2","title":{"rendered":"\u0130LET\u0130\u015e\u0130M"},"content":{"rendered":"\n<p>ADRES : \u0130VED\u0130KK\u00d6Y MAH 1563.SOK. NO:7\/1<br>     TEL : 0531 991 0075<br><\/p>\n","protected":false},"excerpt":{"rendered":"<p>ADRES : \u0130VED\u0130KK\u00d6Y MAH 1563.SOK. NO:7\/1 TEL : 0531 991 0075<\/p>\n","protected":false},"author":1,"featured_media":55,"parent":0,"menu_order":0,"comment_status":"closed","ping_status":"closed","template":"","meta":{"footnotes":""},"yoast_head":"<!-- This site is optimized with the Yoast SEO plugin v22.7 - https:\/\/yoast.com\/wordpress\/plugins\/seo\/ -->\n<title>\u0130LET\u0130\u015e\u0130M - \u0130LET\u0130\u015e\u0130M Konvey\u00f6r ve otomasyon sistemleri - \u0130LET\u0130\u015e\u0130M<\/title>\n<meta name=\"description\" content=\"mod\u00fcler bant imalat\u00e7\u0131\u015f\u0131 ankara konvey\u00f6r ankara bant pvc bant ankara otomasyon konvey\u00f6r shrink makinas\u0131 bantlar\u0131 matbaa bantlar\u0131 g\u0131da bantlar\u0131\" \/>\n<meta name=\"robots\" content=\"index, follow, max-snippet:-1, max-image-preview:large, max-video-preview:-1\" \/>\n<link rel=\"canonical\" href=\"http:\/\/www.mtnteknik.com\/?page_id=2\" \/>\n<meta property=\"og:locale\" content=\"tr_TR\" \/>\n<meta property=\"og:type\" content=\"article\" \/>\n<meta property=\"og:title\" content=\"\u0130LET\u0130\u015e\u0130M - \u0130LET\u0130\u015e\u0130M Konvey\u00f6r ve otomasyon sistemleri - \u0130LET\u0130\u015e\u0130M\" \/>\n<meta property=\"og:description\" content=\"mod\u00fcler bant imalat\u00e7\u0131\u015f\u0131 ankara konvey\u00f6r ankara bant pvc bant ankara otomasyon konvey\u00f6r shrink makinas\u0131 bantlar\u0131 matbaa bantlar\u0131 g\u0131da bantlar\u0131\" \/>\n<meta property=\"og:url\" content=\"http:\/\/www.mtnteknik.com\/?page_id=2\" \/>\n<meta property=\"og:site_name\" content=\"Konvey\u00f6r ve otomasyon sistemleri\" \/>\n<meta property=\"article:modified_time\" content=\"2024-05-20T14:52:03+00:00\" \/>\n<meta property=\"og:image\" content=\"http:\/\/www.mtnteknik.com\/wp-content\/uploads\/2024\/05\/iletisim-hakkinda-3.jpg\" \/>\n\t<meta property=\"og:image:width\" content=\"500\" \/>\n\t<meta property=\"og:image:height\" content=\"300\" \/>\n\t<meta property=\"og:image:type\" content=\"image\/jpeg\" \/>\n<meta name=\"twitter:card\" content=\"summary_large_image\" \/>\n<meta name=\"twitter:label1\" content=\"Tahmini okuma s\u00fcresi\" \/>\n\t<meta name=\"twitter:data1\" content=\"1 dakika\" \/>\n<script type=\"application\/ld+json\" class=\"yoast-schema-graph\">{\"@context\":\"https:\/\/schema.org\",\"@graph\":[{\"@type\":\"WebPage\",\"@id\":\"http:\/\/www.mtnteknik.com\/?page_id=2\",\"url\":\"http:\/\/www.mtnteknik.com\/?page_id=2\",\"name\":\"\u0130LET\u0130\u015e\u0130M - \u0130LET\u0130\u015e\u0130M Konvey\u00f6r ve otomasyon sistemleri - \u0130LET\u0130\u015e\u0130M\",\"isPartOf\":{\"@id\":\"http:\/\/www.mtnteknik.com\/#website\"},\"primaryImageOfPage\":{\"@id\":\"http:\/\/www.mtnteknik.com\/?page_id=2#primaryimage\"},\"image\":{\"@id\":\"http:\/\/www.mtnteknik.com\/?page_id=2#primaryimage\"},\"thumbnailUrl\":\"http:\/\/www.mtnteknik.com\/wp-content\/uploads\/2024\/05\/iletisim-hakkinda-3.jpg\",\"datePublished\":\"2022-01-26T21:50:09+00:00\",\"dateModified\":\"2024-05-20T14:52:03+00:00\",\"description\":\"mod\u00fcler bant imalat\u00e7\u0131\u015f\u0131 ankara konvey\u00f6r ankara bant pvc bant ankara otomasyon konvey\u00f6r shrink makinas\u0131 bantlar\u0131 matbaa bantlar\u0131 g\u0131da bantlar\u0131\",\"breadcrumb\":{\"@id\":\"http:\/\/www.mtnteknik.com\/?page_id=2#breadcrumb\"},\"inLanguage\":\"tr\",\"potentialAction\":[{\"@type\":\"ReadAction\",\"target\":[\"http:\/\/www.mtnteknik.com\/?page_id=2\"]}]},{\"@type\":\"ImageObject\",\"inLanguage\":\"tr\",\"@id\":\"http:\/\/www.mtnteknik.com\/?page_id=2#primaryimage\",\"url\":\"http:\/\/www.mtnteknik.com\/wp-content\/uploads\/2024\/05\/iletisim-hakkinda-3.jpg\",\"contentUrl\":\"http:\/\/www.mtnteknik.com\/wp-content\/uploads\/2024\/05\/iletisim-hakkinda-3.jpg\",\"width\":500,\"height\":300},{\"@type\":\"BreadcrumbList\",\"@id\":\"http:\/\/www.mtnteknik.com\/?page_id=2#breadcrumb\",\"itemListElement\":[{\"@type\":\"ListItem\",\"position\":1,\"name\":\"Anasayfa\",\"item\":\"http:\/\/www.mtnteknik.com\/\"},{\"@type\":\"ListItem\",\"position\":2,\"name\":\"\u0130LET\u0130\u015e\u0130M\"}]},{\"@type\":\"WebSite\",\"@id\":\"http:\/\/www.mtnteknik.com\/#website\",\"url\":\"http:\/\/www.mtnteknik.com\/\",\"name\":\"Konvey\u00f6r ve otomasyon sistemleri\",\"description\":\"Konvey\u00f6r otomasyon sistemleri\",\"publisher\":{\"@id\":\"http:\/\/www.mtnteknik.com\/#organization\"},\"potentialAction\":[{\"@type\":\"SearchAction\",\"target\":{\"@type\":\"EntryPoint\",\"urlTemplate\":\"http:\/\/www.mtnteknik.com\/?s={search_term_string}\"},\"query-input\":\"required name=search_term_string\"}],\"inLanguage\":\"tr\"},{\"@type\":\"Organization\",\"@id\":\"http:\/\/www.mtnteknik.com\/#organization\",\"name\":\"winncon Konvey\u00f6r ve otomasyon sistemleri\",\"alternateName\":\"konvey\u00f6r bant mod\u00fcler bant pgm\",\"url\":\"http:\/\/www.mtnteknik.com\/\",\"logo\":{\"@type\":\"ImageObject\",\"inLanguage\":\"tr\",\"@id\":\"http:\/\/www.mtnteknik.com\/#\/schema\/logo\/image\/\",\"url\":\"http:\/\/www.mtnteknik.com\/wp-content\/uploads\/2024\/05\/WINNCON-1.png\",\"contentUrl\":\"http:\/\/www.mtnteknik.com\/wp-content\/uploads\/2024\/05\/WINNCON-1.png\",\"width\":1879,\"height\":551,\"caption\":\"winncon Konvey\u00f6r ve otomasyon sistemleri\"},\"image\":{\"@id\":\"http:\/\/www.mtnteknik.com\/#\/schema\/logo\/image\/\"}}]}<\/script>\n<!-- \/ Yoast SEO plugin. -->","yoast_head_json":{"title":"\u0130LET\u0130\u015e\u0130M - \u0130LET\u0130\u015e\u0130M Konvey\u00f6r ve otomasyon sistemleri - \u0130LET\u0130\u015e\u0130M","description":"mod\u00fcler bant imalat\u00e7\u0131\u015f\u0131 ankara konvey\u00f6r ankara bant pvc bant ankara otomasyon konvey\u00f6r shrink makinas\u0131 bantlar\u0131 matbaa bantlar\u0131 g\u0131da bantlar\u0131","robots":{"index":"index","follow":"follow","max-snippet":"max-snippet:-1","max-image-preview":"max-image-preview:large","max-video-preview":"max-video-preview:-1"},"canonical":"http:\/\/www.mtnteknik.com\/?page_id=2","og_locale":"tr_TR","og_type":"article","og_title":"\u0130LET\u0130\u015e\u0130M - \u0130LET\u0130\u015e\u0130M Konvey\u00f6r ve otomasyon sistemleri - \u0130LET\u0130\u015e\u0130M","og_description":"mod\u00fcler bant imalat\u00e7\u0131\u015f\u0131 ankara konvey\u00f6r ankara bant pvc bant ankara otomasyon konvey\u00f6r shrink makinas\u0131 bantlar\u0131 matbaa bantlar\u0131 g\u0131da bantlar\u0131","og_url":"http:\/\/www.mtnteknik.com\/?page_id=2","og_site_name":"Konvey\u00f6r ve otomasyon sistemleri","article_modified_time":"2024-05-20T14:52:03+00:00","og_image":[{"width":500,"height":300,"url":"http:\/\/www.mtnteknik.com\/wp-content\/uploads\/2024\/05\/iletisim-hakkinda-3.jpg","type":"image\/jpeg"}],"twitter_card":"summary_large_image","twitter_misc":{"Tahmini okuma s\u00fcresi":"1 dakika"},"schema":{"@context":"https:\/\/schema.org","@graph":[{"@type":"WebPage","@id":"http:\/\/www.mtnteknik.com\/?page_id=2","url":"http:\/\/www.mtnteknik.com\/?page_id=2","name":"\u0130LET\u0130\u015e\u0130M - \u0130LET\u0130\u015e\u0130M Konvey\u00f6r ve otomasyon sistemleri - \u0130LET\u0130\u015e\u0130M","isPartOf":{"@id":"http:\/\/www.mtnteknik.com\/#website"},"primaryImageOfPage":{"@id":"http:\/\/www.mtnteknik.com\/?page_id=2#primaryimage"},"image":{"@id":"http:\/\/www.mtnteknik.com\/?page_id=2#primaryimage"},"thumbnailUrl":"http:\/\/www.mtnteknik.com\/wp-content\/uploads\/2024\/05\/iletisim-hakkinda-3.jpg","datePublished":"2022-01-26T21:50:09+00:00","dateModified":"2024-05-20T14:52:03+00:00","description":"mod\u00fcler bant imalat\u00e7\u0131\u015f\u0131 ankara konvey\u00f6r ankara bant pvc bant ankara otomasyon konvey\u00f6r shrink makinas\u0131 bantlar\u0131 matbaa bantlar\u0131 g\u0131da bantlar\u0131","breadcrumb":{"@id":"http:\/\/www.mtnteknik.com\/?page_id=2#breadcrumb"},"inLanguage":"tr","potentialAction":[{"@type":"ReadAction","target":["http:\/\/www.mtnteknik.com\/?page_id=2"]}]},{"@type":"ImageObject","inLanguage":"tr","@id":"http:\/\/www.mtnteknik.com\/?page_id=2#primaryimage","url":"http:\/\/www.mtnteknik.com\/wp-content\/uploads\/2024\/05\/iletisim-hakkinda-3.jpg","contentUrl":"http:\/\/www.mtnteknik.com\/wp-content\/uploads\/2024\/05\/iletisim-hakkinda-3.jpg","width":500,"height":300},{"@type":"BreadcrumbList","@id":"http:\/\/www.mtnteknik.com\/?page_id=2#breadcrumb","itemListElement":[{"@type":"ListItem","position":1,"name":"Anasayfa","item":"http:\/\/www.mtnteknik.com\/"},{"@type":"ListItem","position":2,"name":"\u0130LET\u0130\u015e\u0130M"}]},{"@type":"WebSite","@id":"http:\/\/www.mtnteknik.com\/#website","url":"http:\/\/www.mtnteknik.com\/","name":"Konvey\u00f6r ve otomasyon sistemleri","description":"Konvey\u00f6r otomasyon sistemleri","publisher":{"@id":"http:\/\/www.mtnteknik.com\/#organization"},"potentialAction":[{"@type":"SearchAction","target":{"@type":"EntryPoint","urlTemplate":"http:\/\/www.mtnteknik.com\/?s={search_term_string}"},"query-input":"required name=search_term_string"}],"inLanguage":"tr"},{"@type":"Organization","@id":"http:\/\/www.mtnteknik.com\/#organization","name":"winncon Konvey\u00f6r ve otomasyon sistemleri","alternateName":"konvey\u00f6r bant mod\u00fcler bant pgm","url":"http:\/\/www.mtnteknik.com\/","logo":{"@type":"ImageObject","inLanguage":"tr","@id":"http:\/\/www.mtnteknik.com\/#\/schema\/logo\/image\/","url":"http:\/\/www.mtnteknik.com\/wp-content\/uploads\/2024\/05\/WINNCON-1.png","contentUrl":"http:\/\/www.mtnteknik.com\/wp-content\/uploads\/2024\/05\/WINNCON-1.png","width":1879,"height":551,"caption":"winncon Konvey\u00f6r ve otomasyon sistemleri"},"image":{"@id":"http:\/\/www.mtnteknik.com\/#\/schema\/logo\/image\/"}}]}},"_links":{"self":[{"href":"http:\/\/www.mtnteknik.com\/index.php?rest_route=\/wp\/v2\/pages\/2"}],"collection":[{"href":"http:\/\/www.mtnteknik.com\/index.php?rest_route=\/wp\/v2\/pages"}],"about":[{"href":"http:\/\/www.mtnteknik.com\/index.php?rest_route=\/wp\/v2\/types\/page"}],"author":[{"embeddable":true,"href":"http:\/\/www.mtnteknik.com\/index.php?rest_route=\/wp\/v2\/users\/1"}],"replies":[{"embeddable":true,"href":"http:\/\/www.mtnteknik.com\/index.php?rest_route=%2Fwp%2Fv2%2Fcomments&post=2"}],"version-history":[{"count":1,"href":"http:\/\/www.mtnteknik.com\/index.php?rest_route=\/wp\/v2\/pages\/2\/revisions"}],"predecessor-version":[{"id":56,"href":"http:\/\/www.mtnteknik.com\/index.php?rest_route=\/wp\/v2\/pages\/2\/revisions\/56"}],"wp:featuredmedia":[{"embeddable":true,"href":"http:\/\/www.mtnteknik.com\/index.php?rest_route=\/wp\/v2\/media\/55"}],"wp:attachment":[{"href":"http:\/\/www.mtnteknik.com\/index.php?rest_route=%2Fwp%2Fv2%2Fmedia&parent=2"}],"curies":[{"name":"wp","href":"https:\/\/api.w.org\/{rel}","templated":true}]}}